(c) = -17*c - 82. Calculate o(-5).
3
Let u(z) = -3*z**3 - z**2 - z - 1. Calculate u(-1).
2
Let w(z) = z**2 + 6*z + 6. Give w(-7).
13
Let l(d) = d**3 + d - 2. What is l(0)?
-2
Let f(c) = -2*c + 1. Give f(-9).
19
Let b(h) = -h**2 - 5*h + 1. What is b(-5)?
1
Let r(p) = 2*p**3 - 2*p**2 - p + 2. Determine r(2).
8
Let k(f) = 5*f + 13. What is k(-4)?
-7
Let s(t) = -t**3 + 12*t**2 - 9*t + 7. Calculate s(11).
29
Let s(v) = v**3 + 3*v**2 - 7*v - 10. Calculate s(-4).
2
Let d(f) = 75*f**3 - f**2 + 2*f + 1. Give d(1).
77
Let v(q) = 6*q**2 + 9*q - 2. What is v(-4)?
58
Let z(p) = -2*p**2 - 8*p - 6. Calculate z(-5).
-16
Let s(c) = 2*c + 60. Calculate s(0).
60
Let k(s) = -2*s**2 - s + 6. What is k(3)?
-15
Let c(m) = -17*m**3 - 2*m**2 - m + 2. Calculate c(1).
-18
Let z(p) = -p**2 - 5*p + 1. Give z(-5).
1
Let l(n) = 3*n**2 + 2*n + 12. What is l(-6)?
108
Let u(k) = k**2 - 9*k - 24. Determine u(11).
-2
Let w(q) = -6*q - 44. What is w(-6)?
-8
Let i(f) = f + 2. Calculate i(-4).
-2
Let v(w) = -6*w + 29. What is v(6)?
-7
Let p(t) = -t**2 + 3*t + 18. Determine p(6).
0
Let d(z) = 38*z + 183. Determine d(-5).
-7
Let i(a) = -2*a + 24. Give i(8).
8
Let n(l) = -l**2 - l. Calculate n(-1).
0
Let i(s) = 3*s**2 - 2*s - 26. Determine i(6).
70
Let v(l) = 7*l**2 + 7*l - 23. Calculate v(3).
61
Let x(y) = -y**3 - 3*y**2 + 55*y + 220. Calculate x(-5).
-5
Let g(t) = -24*t - 148. Determine g(-6).
-4
Let a(x) = 2*x**3 + 5*x**2 + 4*x + 4. Determine a(-3).
-17
Let f(p) = -p**2 + 6*p + 139. Give f(15).
4
Let v(x) = -x**3 - 8*x**2 + 14*x + 16. Determine v(-9).
-29
Let q(n) = 11*n - 45. What is q(4)?
-1
Let w(j) = j**2 - 24*j - 39. Determine w(20).
-119
Let l(b) = b**3 + 20*b**2 + 3*b + 19. Determine l(-20).
-41
Let v(y) = -6*y - 21. Calculate v(-3).
-3
Let v(u) = u**3 + u**2 - 5*u - 10. Determine v(-3).
-13
Let r(q) = 3*q + 31. Calculate r(7).
52
Let g(v) = -v**3 - 2*v - 10. Calculate g(0).
-10
Let z(g) = -2*g**2 + 12*g - 2. What is z(6)?
-2
Let b(x) = -x**3 - 5*x**2 + 15. What is b(-4)?
-1
Let h(f) = -39*f + 345. Calculate h(9).
-6
Let h(s) = 4*s**3 - 2*s**2 - 3*s. What is h(3)?
81
Let g(i) = i**3 + 14*i**2 - 58*i - 110. Calculate g(-17).
9
Let q(m) = -m**3 + 35*m**2 + 4*m - 48. Determine q(35).
92
Let n(d) = -d**2 - d + 6. Determine n(4).
-14
Let y(j) = -j**3 + 4*j**2 + 3*j + 5. Calculate y(4).
17
Let g(r) = -r**2 + 116*r - 3334. What is g(52)?
-6
Let x(s) = -s**2 - 13*s + 7. Determine x(-13).
7
Let i(r) = 19*r + 27. What is i(-2)?
-11
Let t(k) = k**3 + 8*k**2 + 11*k + 14. What is t(-6)?
20
Let d(c) = 11*c - 4. What is d(-3)?
-37
Let t(g) = -4*g**3 + 6*g**2 - 8*g + 2. Determine t(2).
-22
Let g(l) = l**2 + 8*l - 21. Give g(7).
84
Let n(r) = 4*r**2 - 3*r + 16. Calculate n(3).
43
Let z(y) = -90*y - 2. What is z(1)?
-92
Let x(m) = -m**2 + m + 15. Determine x(4).
3
Let y(z) = -8*z + 3. What is y(1)?
-5
Let y(z) = -z**3 + z**2 + 4*z - 1. Calculate y(3).
-7
Let p(w) = w**3 - 10*w**2 - w + 2. Determine p(10).
-8
Let z(r) = 3*r + 21. Determine z(-7).
0
Let c(d) = -41*d - 1. Determine c(-1).
40
Let t(h) = h**2 - 5*h + 1. What is t(2)?
-5
Let b(z) = 3*z**3 - 2*z**2 - 4*z. What is b(3)?
51
Let w(u) = 19*u - 1. Calculate w(1).
18
Let i(c) = -c**2 + 35*c - 271. Give i(11).
-7
Let f(o) = 2*o + 56. Determine f(28).
112
Let s(u) = -u**3 + 9*u - 1. Determine s(2).
9
Let v(u) = -11*u + 271. Calculate v(24).
7
Let p(u) = 2*u**3 + 5*u**2 + 4*u - 2. Calculate p(-2).
-6
Let d(b) = 10*b - 179. Determine d(19).
11
Let y(z) = -3*z + 39. Determine y(13).
0
Let f(b) = -b**2 + 17*b + 8. Determine f(12).
68
Let t(r) = -r**3 - 3*r**2 + 18*r + 1. Give t(-6).
1
Let d(m) = -4*m - 23. What is d(-2)?
-15
Let b(w) = w**3 + 5*w**2 - 2*w - 2. What is b(-4)?
22
Let f(l) = -l + 3. Calculate f(4).
-1
Let f(k) = 85*k**3 - 3*k**2 + 2*k - 1. Give f(1).
83
Let c(j) = j**2 - 2*j - 50. What is c(-6)?
-2
Let x(q) = q**2 + 4*q + 6. Give x(-4).
6
Let w(c) = c**2 + 49*c + 490. Give w(-14).
0
Let z(t) = 9*t + 316. Determine z(-35).
1
Let w(b) = -2*b**2 + 3*b + 3. Calculate w(-4).
-41
Let v(s) = 2*s - 24. Give v(11).
-2
Let m(u) = -2*u**2 - 22*u - 14. Determine m(-10).
6
Let a(q) = -q**2 - 8*q - 14. Give a(-3).
1
Let t(v) = -v**2 + 7*v + 38. Give t(9).
20
Let m(b) = 5*b + 39. Determine m(-8).
-1
Let g(b) = -2*b**3 - 17*b**2 + 12*b + 18. What is g(-9)?
-9
Let j(o) = 10*o**2 - o. What is j(-2)?
42
Let s(a) = a**2 + 4*a - 11. Calculate s(-5).
-6
Let n(p) = p**2 + 8*p - 26. Determine n(-8).
-26
Let g(j) = -20*j + 7. Determine g(-4).
87
Let g(o) = o**3 + 12*o**2 - 22*o - 10. Give g(-14).
-94
Let j(v) = v + 30. What is j(27)?
57
Let q(j) = -j**2 - 2*j + 5. Give q(3).
-10
Let d(l) = 4*l**2 + 22*l + 12. Calculate d(-6).
24
Let l(w) = 2*w**2 - 7*w - 10. Give l(-2).
12
Let m(a) = 2*a**3 - 19*a**2 + 8*a - 10. Give m(9).
-19
Let v(t) = t**3 - 2*t**2 + 4*t + 2. Determine v(-2).
-22
Let s(f) = -2*f**3 + 23*f**2 + 18*f - 23. What is s(12)?
49
Let g(b) = b**2 + 9*b + 16. Give g(-5).
-4
Let u(r) = -r + 11. Calculate u(-9).
20
Let v(y) = -2*y**3 - 10*y**2 - 4*y + 9. What is v(-4)?
-7
Let o(a) = 5*a - 54. Calculate o(5).
-29
Let o(k) = -k**3 + 16*k**2 - k + 46. Calculate o(16).
30
Let l(c) = c**2 - 3*c + 3. What is l(0)?
3
Let u(c) = -c**3 - 7*c**2 + 4*c - 16. Give u(-8).
16
Let i(p) = -p**3 + 11*p**2 - p + 8. What is i(11)?
-3
Let j(d) = -d**2 + 26*d - 66. What is j(3)?
3
Let u(p) = p**3 + p**2 - 7*p - 1. Determine u(-3).
2
Let b(h) = -h**2 + h + 1. Determine b(-1).
-1
Let b(g) = -g**3 + 7*g**2 + 7*g + 11. What is b(8)?
3
Let m(c) = 5*c + 17. Give m(-8).
-23
Let y(b) = 5*b**2 - 4. Give y(-2).
16
Let k(v) = 5*v + 126. Calculate k(0).
126
Let n(q) = 9*q**2 - 7*q - 2. Calculate n(-3).
100
Let h(v) = -7*v**2 + 2*v - 6. Calculate h(2).
-30
Let t(r) = -r**3 + 43*r**2 - 42*r - 2. Determine t(42).
-2
Let n(x) = 3*x**3 + 17*x**2 + x + 9. Calculate n(-6).
-33
Let o(j) = -j**2 + 3*j + 15. What is o(0)?
15
Let p(l) = 5*l + 5. Give p(-2).
-5
Let t(a) = -a**2 - 2*a + 3. Determine t(-2).
3
Let o(h) = 188*h - 2. Give o(1).
186
Let f(h) = 8*h - 44. Calculate f(9).
28
Let f(u) = -8*u**2 - 9*u + 14. What is f(2)?
-36
Let a(x) = 3*x**2 + x. Give a(-3).
24
Let h(n) = n**3 + 2*n**2 + 2*n - 6. Calculate h(-3).
-21
Let c(x) = -9*x**3 + 2*x**2 - 3*x + 2. Determine c(2).
-68
Let f(y) = -y**2 - 6*y - 2. Determine f(-7).
-9
Let f(t) = -2*t**2 - 80*t - 81. Determine f(-1).
-3
Let q(h) = -5*h + 22. Determine q(4).
2
Let a(l) = l + 32. What is a(-21)?
11
Let k(z) = 2*z**3 - z**2 + 8*z - 12. Give k(3).
57
Let x(a) = -a**3 - 25*a**2 + 29*a + 84. Determine x(-26).
6
Let q(g) = -3*g**2 - 2*g - 1. Calculate q(-2).
-9
Let b(d) = -d**2 - 2*d + 4. Give b(-5).
-11
Let p(l) = -2*l**2 + 3*l - 2. Calculate p(0).
-2
Let l(x) = -x**2 + 3*x + 5. Determine l(7).
-23
Let v(i) = i**3 + 13*i**2 + 39*i + 25. Calculate v(-9).
-2
Let r(l) = -2*l**3 - l + 1. Calculate r(-2).
19
Let n(b) = -19*b + 44. Calculate n(3).
-13
Let l(w) = -w**3 - 7*w**2 - 2*w + 2. What is l(-6)?
-22
Let w(x) = 8*x + 78. Give w(-6).
30
Let d(h) = h + 1. What is d(-4)?
-3
Let v(s) = -s**2 - 5*s - 25. Give v(-9).
-61
Let y(h) = -h - 14. Determine y(27).
-41
Let g(j) = -j**2 + j + 1. Determine g(3).
-5
Let u(c) = -5*c - 32. Determine u(-6).
-2
Let g(j) = 10*j**2 + 83*j + 18. Calculate g(-8).
-6
Let k(n) = -n**3 - 7*n**2 + n + 2. What is k(-7)?
-5
Let x(o) = o**3 - 20*o**2 + 20*o - 21. Give x(19).
-2
Let f(y) = 4*y + 18. Calculate f(-4).
2
Let u(d) = -d**3 - 9*d**2 + 14*d - 87. Determine u(-11).
1
Let s(m) = -3*m - 28. Determine s(-23).
41
Let c(w) = -13*w**2 - 5*w - 4. Determine c(-2).
-46
Let p(c) = -c**2 - 21*c + 233. What is p(-29)?
1
Let r(u) = -2*u - 10. What is r(3)?
-16
Let i(p) = 2*p - 22. Give i(7).
-8
Let m(v) = -35*v - 527. Give m(-15).
-2
Let x(k) = -3*k**2 + 40*k + 34. What is x(14)?
6
Let d(x) = -3*x**2 - 5*x - 16. Determine d(-5).
-66
Let c(y) = 5*y - 35. Give c(-12).
-95
Let y(c) = -2*c**2 - 8*c + 135. Give y(6).
15
Let w(z) = 4*z**2 + 4*z + 1. Calculate w(-1).
1
Let m(g) = 6*g - 15. Give m(-10).
-75
Let o(d) = d**3 - 27*d**2 - 23*d - 155. Calculate o(28).
-15
Let n(z) = -z**3 + 11*z**2 - 7*z - 9. Calculate n(10).
21
Let j(b) = -3*b - 14. Determine j(4).
-26
Let t(d) = -4*d**2 - 2*d - 4. Calculate t(-2).
-16
Let j(c) = -c**3 - 33*c**2 - 62*c + 4. Give j(-31).
4
Let q(h) = -h**2 + 37*h + 15. Give q(37).
15
Let u(q) = -36